 44*v + 90675 = 59*v. What are the prime factors of v?
3, 5, 13, 31
Suppose -2*v - 191 = -205. Suppose 1291 = -v*s + 11945. What are the prime factors of s?
2, 761
Let k = 5 - -15. Suppose 3*g - 2*i - 13 = -0*g, -3*g - 5*i = -k. Let w(n) = 5*n + 8. List the prime factors of w(g).
3, 11
Suppose -92 = -4*j - 28. Let z = j + -14. Suppose -6*b + z*b = -60. What are the prime factors of b?
3, 5
Let h = 29176 + -3433. List the prime factors of h.
3, 8581
Let z = -509 - -719. Suppose -5*w - 5*y = -200, -5*w = -3*y + 6*y - z. List the prime factors of w.
3, 5
Suppose -5808 = 20*x - 26*x. Let k = x - 513. Suppose -3*q + k = 5*l, 3*q + 0*q = 5*l - 485. What are the prime factors of l?
2, 47
Let c be (50/4 + 1)*80/(-6). Let a = c + 85. Let p = -73 - a. List the prime factors of p.
2, 11
Let t(z) = 14*z + 23 + 17*z**2 + 5*z**2 - 8 - 11. What are the prime factors of t(-5)?
2, 11
What are the prime factors of (14/(-4))/((-18)/(-169884)*-1)?
3, 7, 11, 13
Let z(h) = h**2 - 3*h + 2. Let k be z(3). Suppose -5*w + a - 22 = 0, -k*a - 3 = -7. What are the prime factors of 3/((-3)/29)*(w + 3)?
29
Let g(n) = -3*n - 61. Let h be g(-22). Suppose -31*d = -2*a - 28*d + 623, 0 = -4*a - h*d + 1279. List the prime factors of a.
2, 79
Let o(c) = -c**3 - 10*c**2 - 8*c. Let l be o(-8). Let r be (-51)/(-85) - l/10. Suppose 0 = 2*n - r*n + 615. What are the prime factors of n?
3, 41
Suppose -w = 6*w - 5908. Suppose -12 = -3*y, 0*y = 4*q - y - w. List the prime factors of q.
2, 53
Let a be 3/(-24)*-4*4. Let v be -4 + -100 + 3 + a. Let f = v - -185. List the prime factors of f.
2, 43
Suppose 0 = -3*c - 5*t + 15426 + 4021, -4*c = -2*t - 25886. What are the prime factors of c?
2, 3, 13, 83
Let z(t) = -t + 1. Let c be z(-3). Let m be 1/(-2)*(0/1)/c. Suppose 4*y + 5*d - 158 - 165 = m, 0 = -5*d + 15. List the prime factors of y.
7, 11
Let d = -13 + 9. List the prime factors of -2 + 2*(d + 58).
2, 53
Let i(k) = -44*k - 29. Let c be i(-9). Let w = c + 737. What are the prime factors of w?
2, 3, 23
Let j(g) be the third derivative of 0*g - 10/3*g**4 + 0*g**3 + 0 - 34*g**2. What are the prime factors of j(-2)?
2, 5
Suppose 359*v - 313*v = 138506. List the prime factors of v.
3011
Suppose -4*f + 18 = 2. Suppose 5*s - 273 = f*s. What are the prime factors of s?
3, 7, 13
Let j(f) = 319*f**3 - f**2 - f + 1. Suppose g + 4*c - 2 = 19, -3*g + 3*c = 12. What are the prime factors of j(g)?
2, 3, 53
Let c = 357 - 367. Suppose 0 = -l - 5*x + 54, 1 - 211 = -5*l - 5*x. Let m = l + c. What are the prime factors of m?
29
Suppose -69*z - 281162 = -2016788. List the prime factors of z.
2, 12577
Let l = -19 - -20. Suppose g - l = 2. Suppose -3*m + 11 + 31 = g*b, -27 = -3*m + 2*b. List the prime factors of m.
11
Suppose -126 = -3*a - 4*a. What are the prime factors of 48/a*(-4986)/(-12)?
2, 277
Suppose 15037 = 11*k - 9515. What are the prime factors of k?
2, 3, 31
Let s(n) = -4*n + 23. Let u be s(5). Suppose -u*t - 2*o = -1817, -1986 + 5021 = 5*t + 5*o. List the prime factors of t.
3, 67
Suppose -40*c + 101733 = -2027. What are the prime factors of c?
2, 1297
Suppose 2*z = 3*s - 52, 3*z - 26 = -s - 5. What are the prime factors of s/15*-43*(-50)/5?
2, 3, 43
Let i(x) = -5327*x - 834. List the prime factors of i(-2).
2, 5, 491
Let i be (-6)/9 - (-344)/12. Let v be -2 + 7/(i/24). Suppose 0 = 5*q + v*q - 828. What are the prime factors of q?
2, 23
Suppose 0 = 3*s + d + 10, -3*s - 2*d = 2*s + 16. What are the prime factors of 3330/12 + s - 5/(-10)?
2, 137
Suppose -165 = -4*s + 107. Suppose 2*g = 1396 - s. What are the prime factors of g?
2, 83
Suppose -10*j + 60 = 2*j. Suppose n + 2045 = 6*n - j*p, p + 2065 = 5*n. Suppose n = 5*h - 4*o, 0*h + 3*h - o - 254 = 0. What are the prime factors of h?
2, 43
Let d(t) = 584*t**2 - t - 1. Let r be d(-1). Suppose 2*g + r = -4*a, 2*g + 3*g + 1474 = -3*a. What are the prime factors of g/(-36) + 2 - 4/18?
2, 5
Let b = 36 - 44. What are the prime factors of (-15940)/(-35) + b/(-14)?
2, 3, 19
Let f(w) = -124*w - 106*w - 11 - 23*w. Suppose 3*d + 4*b - 17 = 0, 0 = 1119*d - 1117*d - 4*b + 22. What are the prime factors of f(d)?
2, 11
Suppose -2270 = -5*z + 3*c + 2*c, 0 = 4*z + 2*c - 1816. Let n = z - 54. What are the prime factors of n?
2, 5
Suppose 0 = 4*h + 2*g + 8, 6*g - g + 20 = -3*h. Suppose 2*t + 316 - 1168 = h. List the prime factors of t.
2, 3, 71
Let y = -390 - -6176. List the prime factors of y.
2, 11, 263
Suppose 5*v = 5*o + 750, -v + 150 + 580 = -5*o. Let y = -30 - o. What are the prime factors of y?
5, 23
Suppose -2*g - 567 = -29*g. Let z(f) = 8*f + 112. What are the prime factors of z(g)?
2, 5, 7
Let n(m) = -42*m + 484. What are the prime factors of n(-26)?
2, 197
Let o(j) = 45*j + 30. Let a be o(23). Suppose 28*b - 31*b + a = 0. List the prime factors of b.
5, 71
Suppose -2*m - 450918 = -13*z, 7640 - 111698 = -3*z - 4*m. List the prime factors of z.
2, 3, 41, 47
Suppose x = -s + 7878, 5*s = 163*x - 161*x - 15791. List the prime factors of x.
7883
What are the prime factors of (21/(-24) - -1) + 264345/120?
2203
Let l(x) = 9 + 1 + 17*x + 213*x**2 - 215*x**2. Let y be l(9). Let k = y + 12. List the prime factors of k.
13
Let u = 9246 - 6055. What are the prime factors of u?
3191
Let c(b) = -5*b**2 + 9*b - 9. Let s(w) = -11*w**2 + 18*w - 17. Let m(l) = -13*c(l) + 6*s(l). Let j = 798 - 808. List the prime factors of m(j).
5
Suppose -50611 = -3*j - 5*b + 141645, 0 = -3*j - 4*b + 192248. List the prime factors of j.
2, 8009
Let u = 91 + -86. List the prime factors of ((-153)/(-18))/(((-5)/(-142))/u).
17, 71
Suppose -i - 6 = 2*t, 0*i + 2*i = -3*t - 9. Suppose -y + m = -i*y + 2, -y = -4*m - 10. Let o = 12 + y. What are the prime factors of o?
2, 3
Suppose 5*t + 56 = -2*t. Let g be ((-12)/t)/((-2)/(-244) - 0). What are the prime factors of 1 - (-5 - -2)*g/9?
2, 31
Let h(o) = -590*o - 1716. List the prime factors of h(-12).
2, 3, 149
Let b = -37 + 58. Suppose 17*v = b*v - 16. Suppose 5*l + h - 815 = -0*l, l - 144 = -v*h. List the prime factors of l.
2, 41
Let m be ((-438)/(-8))/(3/8) - 0. Suppose -3*c - m = -d - 2*c, 0 = -5*d + 4*c + 727. List the prime factors of d.
11, 13
Let n(k) = 23*k**3 - 19*k**2 + 97*k - 97. Let h(m) = -8*m**3 + 6*m**2 - 33*m + 32. Let c(a) = 17*h(a) + 6*n(a). What are the prime factors of c(7)?
3, 23
Suppose 34*n - 17405 = 52146 + 18407. List the prime factors of n.
13, 199
Let a(b) = b**3 - 4*b**2 - b + 6. Let i be a(3). Let p be (-185 - -1)/(-4)*i/(-4). Let n = p - 16. List the prime factors of n.
53
Let y(i) = 2*i**3 - 49*i**2 - 241*i - 83. List the prime factors of y(39).
31, 1117
Suppose 5*l = -4*l. Suppose -15*s + 10*s + 250 = l. Let u = s - 4. List the prime factors of u.
2, 23
Suppose 3*r = r - 164. Suppose -75*f - 72*f - 3044 = 3571. Let i = f - r. List the prime factors of i.
37
Let m(d) = -9*d**3 + 33*d**2 + 21*d + 536. List the prime factors of m(-13).
7, 3659
Let c be 1/(-2) - ((-285)/10)/3. Suppose 2064 = 4*f + u, -5*f = -c*f + 3*u + 2080. List the prime factors of f.
11, 47
Let h be (3 - 15/(-9))/(1/(-3)). Let c = h + 22. Let f(j) = -j**3 + 6*j**2 + 15*j + 12. List the prime factors of f(c).
2
Let p be (-1647)/(-6) - 24/(-16). Let r be -3 + (1 - -2 - p). Let f = -92 - r. What are the prime factors of f?
2, 23
Let t(z) = -z**2 - 6*z - 5. Let q be t(-3). Suppose 1229 = q*a - 0*a + f, 0 = 4*a - f - 1219. List the prime factors of a.
2, 3, 17
Let c = 39 - 37. Suppose 2*p = 2*g - c, 0 = -4*p + 4*g + g. Let q(k) = 8*k**2 + 6*k + 2. List the prime factors of q(p).
2, 43
Suppose 21*o - 40 = 11*o. Let h(c) = 0*c**3 + 4*c**2 + 3 + c**3 - 8*c**2 - 2*c + 2*c**3. What are the prime factors of h(o)?
3, 41
Let o(m) = 615*m - 383. List the prime factors of o(19).
2, 5651
Let j = -243 - -243. Suppose -4*l + 5*r = 5, r - 10 + 0 = -l. Suppose -f - l*q + 59 + 3 = j, 2*f - 2*q = 112. What are the prime factors of f?
3, 19
Let b(g) = 7*g - 29. Let h be b(7). Let z = -66 + h. Let n = 116 + z. What are the prime factors of n?
2, 5, 7
Suppose -20*b + 2*x = -16*b - 185944, 4*b = -4*x + 185968. What are the prime factors of b?
2, 3, 13, 149
Suppose 130*c - 156*c = -163046. List the prime factors of c.
6271
Suppose 0 = -16*i + 12*i + 104. Let v = i - 15. Let z(p) = -2*p + 40. What are the prime factors of z(v)?
2, 3
Let z(u) = -2*u**2 - 65*u + 46. Let x be z(-